{"id":123,"date":"2020-04-21T09:49:32","date_gmt":"2020-04-21T12:49:32","guid":{"rendered":"http:\/\/www.annalapersonalizados.com.br\/loja\/?page_id=123"},"modified":"2020-04-21T12:27:09","modified_gmt":"2020-04-21T15:27:09","slug":"formas-de-pagamento","status":"publish","type":"page","link":"https:\/\/www.annalapersonalizados.com.br\/loja\/formas-de-pagamento\/","title":{"rendered":"Formas de pagamento"},"content":{"rendered":"\t\t<div data-elementor-type=\"wp-page\" data-elementor-id=\"123\" class=\"elementor elementor-123\">\n\t\t\t\t\t\t<section class=\"elementor-section elementor-top-section elementor-element elementor-element-d68adee elementor-section-boxed elementor-section-height-default elementor-section-height-default\" data-id=\"d68adee\" data-element_type=\"section\" data-e-type=\"section\">\n\t\t\t\t\t\t<div class=\"elementor-container elementor-column-gap-default\">\n\t\t\t\t\t<div class=\"elementor-column elementor-col-100 elementor-top-column elementor-element elementor-element-bc6acc3\" data-id=\"bc6acc3\" data-element_type=\"column\" data-e-type=\"column\">\n\t\t\t<div class=\"elementor-widget-wrap elementor-element-populated\">\n\t\t\t\t\t\t<div class=\"elementor-element elementor-element-e02c3d1 elementor-widget elementor-widget-text-editor\" data-id=\"e02c3d1\" data-element_type=\"widget\" data-e-type=\"widget\" data-widget_type=\"text-editor.default\">\n\t\t\t\t<div class=\"elementor-widget-container\">\n\t\t\t\t\t\t\t\t\t<h3>Loja F\u00edsica<\/h3><p>Em nossa loja f\u00edsica oferecemos pagamento a vista, em dinheiro em todos nossos produtos.<br \/>Al\u00e9m de aceitarmos a grande maioria das bandeiras de cart\u00f5es de cr\u00e9dito e d\u00e9bito.<\/p><h3>Loja Virtual<\/h3><p>Aqui em nossa loja virtual oferecemos pagamento a vista, em dep\u00f3sito\u00a0<u>(vide Bancos abaixo)<\/u><br \/>Ainda, a vista, oferecemos Boleto Banc\u00e1rio, onde poder\u00e1 efetuar o pagamento via Internet Banking ou em qualquer Banco, Correios, Lot\u00e9rica, Supermercados que aceitem pagamento de contas, etc.<br \/>Al\u00e9m disto aceitamos as principais bandeiras de cart\u00f5es de cr\u00e9dito.<\/p><h3>Prazos de Compensa\u00e7\u00e3o<\/h3><p><b>Boleto:\u00a0<\/b>Compensa em 1 a 3 dias \u00fateis ap\u00f3s o pagamento. N\u00e3o h\u00e1 necessidade de enviar comprovante.<br \/><b>Dep\u00f3sito:\u00a0<\/b>Verificado em 1 a 2 dias \u00fateis ap\u00f3s o pagamento e o envio do comprovante para confirma\u00e7\u00e3o.<br \/><b>Cart\u00e3o de Cr\u00e9dito:\u00a0<\/b>1 a 2 horas caso aprovado imediatamente. 2 a 24 horas caso entre em &#8220;an\u00e1lise&#8221; pela operadora do seu cart\u00e3o.<\/p><p>\u00a0<\/p><h3><span style=\"font-size: 18px; font-weight: 600;\">Formas de Pagamento &#8211; via Mercado Pago<\/span><\/h3><div><img decoding=\"async\" title=\"Visa\" src=\"https:\/\/www.belascores.com.br\/arquivos\/bandeira-visa.png?v=636223398301630000\" alt=\"Visa\" \/>\u00a0<img decoding=\"async\" title=\"MarsterCard\" src=\"https:\/\/www.belascores.com.br\/arquivos\/bandeira-master.png?v=636223398281470000\" alt=\"MarsterCard\" \/>\u00a0<img decoding=\"async\" title=\"Diners\" src=\"https:\/\/www.belascores.com.br\/arquivos\/bandeira-diners.png?v=636223398261600000\" alt=\"Diners\" \/>\u00a0<img decoding=\"async\" title=\"Amex\" src=\"https:\/\/www.belascores.com.br\/arquivos\/bandeira-amex.png?v=636223398231930000\" alt=\"Amex\" \/><br \/><img decoding=\"async\" title=\"Aura\" src=\"https:\/\/www.belascores.com.br\/arquivos\/bandeira-aura.png?v=636223398243500000\" alt=\"Aura\" \/>\u00a0<img decoding=\"async\" title=\"Hipercard\" src=\"https:\/\/www.belascores.com.br\/arquivos\/bandeira-hipercard.png?v=636223398271930000\" alt=\"Hipercard\" \/>\u00a0<img decoding=\"async\" title=\"Boleto\" src=\"https:\/\/www.belascores.com.br\/arquivos\/bandeira-boleto.png?v=636223398251600000\" alt=\"Boleto\" \/>\u00a0<img decoding=\"async\" title=\"Dep\u00f3sito Banc\u00e1rio\" src=\"https:\/\/www.belascores.com.br\/arquivos\/deposito-3.png?v=636240021348430000\" alt=\"Dep\u00f3sito Banc\u00e1rio\" \/><\/div>\t\t\t\t\t\t\t\t<\/div>\n\t\t\t\t<\/div>\n\t\t\t\t\t<\/div>\n\t\t<\/div>\n\t\t\t\t\t<\/div>\n\t\t<\/section>\n\t\t\t\t<section class=\"elementor-section elementor-top-section elementor-element elementor-element-2b0d564 elementor-section-boxed elementor-section-height-default elementor-section-height-default\" data-id=\"2b0d564\" data-element_type=\"section\" data-e-type=\"section\">\n\t\t\t\t\t\t<div class=\"elementor-container elementor-column-gap-default\">\n\t\t\t\t\t<div class=\"elementor-column elementor-col-100 elementor-top-column elementor-element elementor-element-4d5f420\" data-id=\"4d5f420\" data-element_type=\"column\" data-e-type=\"column\">\n\t\t\t<div class=\"elementor-widget-wrap elementor-element-populated\">\n\t\t\t\t\t\t<div class=\"elementor-element elementor-element-9e07923 elementor-widget elementor-widget-text-editor\" data-id=\"9e07923\" data-element_type=\"widget\" data-e-type=\"widget\" data-widget_type=\"text-editor.default\">\n\t\t\t\t<div class=\"elementor-widget-container\">\n\t\t\t\t\t\t\t\t\t<h3 style=\"font-variant-ligatures: normal; font-variant-caps: normal; font-family: Roboto, sans-serif; font-style: normal;\"><span style=\"font-size: 18px; font-weight: 600;\">Dados banc\u00e1rio<\/span><\/h3>\t\t\t\t\t\t\t\t<\/div>\n\t\t\t\t<\/div>\n\t\t\t\t<div class=\"elementor-element elementor-element-8fb841d elementor-widget elementor-widget-accordion\" data-id=\"8fb841d\" data-element_type=\"widget\" data-e-type=\"widget\" data-widget_type=\"accordion.default\">\n\t\t\t\t<div class=\"elementor-widget-container\">\n\t\t\t\t\t\t\t<div class=\"elementor-accordion\">\n\t\t\t\t\t\t\t<div class=\"elementor-accordion-item\">\n\t\t\t\t\t<div id=\"elementor-tab-title-1501\" class=\"elementor-tab-title\" data-tab=\"1\" role=\"button\" aria-controls=\"elementor-tab-content-1501\" aria-expanded=\"false\">\n\t\t\t\t\t\t\t\t\t\t\t\t\t<span class=\"elementor-accordion-icon elementor-accordion-icon-left\" aria-hidden=\"true\">\n\t\t\t\t\t\t\t\t\t\t\t\t\t\t\t<span class=\"elementor-accordion-icon-closed\"><i class=\"fas fa-caret-square-down\"><\/i><\/span>\n\t\t\t\t\t\t\t\t<span class=\"elementor-accordion-icon-opened\"><i class=\"fas fa-minus\"><\/i><\/span>\n\t\t\t\t\t\t\t\t\t\t\t\t\t\t<\/span>\n\t\t\t\t\t\t\t\t\t\t\t\t<a class=\"elementor-accordion-title\" tabindex=\"0\">Banco do Brasil<\/a>\n\t\t\t\t\t<\/div>\n\t\t\t\t\t<div id=\"elementor-tab-content-1501\" class=\"elementor-tab-content elementor-clearfix\" data-tab=\"1\" role=\"region\" aria-labelledby=\"elementor-tab-title-1501\"><p>Ag\u00eancia: 0000<br \/>Conta Corrente: 0000-0<br \/>Nome: Amanda Leandro dos Santos<br \/>CPF: 000.000.000-00<\/p><\/div>\n\t\t\t\t<\/div>\n\t\t\t\t\t\t\t<div class=\"elementor-accordion-item\">\n\t\t\t\t\t<div id=\"elementor-tab-title-1502\" class=\"elementor-tab-title\" data-tab=\"2\" role=\"button\" aria-controls=\"elementor-tab-content-1502\" aria-expanded=\"false\">\n\t\t\t\t\t\t\t\t\t\t\t\t\t<span class=\"elementor-accordion-icon elementor-accordion-icon-left\" aria-hidden=\"true\">\n\t\t\t\t\t\t\t\t\t\t\t\t\t\t\t<span class=\"elementor-accordion-icon-closed\"><i class=\"fas fa-caret-square-down\"><\/i><\/span>\n\t\t\t\t\t\t\t\t<span class=\"elementor-accordion-icon-opened\"><i class=\"fas fa-minus\"><\/i><\/span>\n\t\t\t\t\t\t\t\t\t\t\t\t\t\t<\/span>\n\t\t\t\t\t\t\t\t\t\t\t\t<a class=\"elementor-accordion-title\" tabindex=\"0\">Caixa Econ\u00f4mica Federal<\/a>\n\t\t\t\t\t<\/div>\n\t\t\t\t\t<div id=\"elementor-tab-content-1502\" class=\"elementor-tab-content elementor-clearfix\" data-tab=\"2\" role=\"region\" aria-labelledby=\"elementor-tab-title-1502\"><p>Ag\u00eancia: 0000<br \/>Conta Corrente: 0000-0<br \/>Nome: Amanda Leandro dos Santos<br \/>CPF: 000.000.000-00<\/p><\/div>\n\t\t\t\t<\/div>\n\t\t\t\t\t\t\t<div class=\"elementor-accordion-item\">\n\t\t\t\t\t<div id=\"elementor-tab-title-1503\" class=\"elementor-tab-title\" data-tab=\"3\" role=\"button\" aria-controls=\"elementor-tab-content-1503\" aria-expanded=\"false\">\n\t\t\t\t\t\t\t\t\t\t\t\t\t<span class=\"elementor-accordion-icon elementor-accordion-icon-left\" aria-hidden=\"true\">\n\t\t\t\t\t\t\t\t\t\t\t\t\t\t\t<span class=\"elementor-accordion-icon-closed\"><i class=\"fas fa-caret-square-down\"><\/i><\/span>\n\t\t\t\t\t\t\t\t<span class=\"elementor-accordion-icon-opened\"><i class=\"fas fa-minus\"><\/i><\/span>\n\t\t\t\t\t\t\t\t\t\t\t\t\t\t<\/span>\n\t\t\t\t\t\t\t\t\t\t\t\t<a class=\"elementor-accordion-title\" tabindex=\"0\">Ita\u00fa<\/a>\n\t\t\t\t\t<\/div>\n\t\t\t\t\t<div id=\"elementor-tab-content-1503\" class=\"elementor-tab-content elementor-clearfix\" data-tab=\"3\" role=\"region\" aria-labelledby=\"elementor-tab-title-1503\"><p>Ag\u00eancia: 0000<br \/>Conta Corrente: 0000-0<br \/>Nome: Max Aquino de Alencar<br \/>CPF: 000.000.000-00<\/p><\/div>\n\t\t\t\t<\/div>\n\t\t\t\t\t\t\t<div class=\"elementor-accordion-item\">\n\t\t\t\t\t<div id=\"elementor-tab-title-1504\" class=\"elementor-tab-title\" data-tab=\"4\" role=\"button\" aria-controls=\"elementor-tab-content-1504\" aria-expanded=\"false\">\n\t\t\t\t\t\t\t\t\t\t\t\t\t<span class=\"elementor-accordion-icon elementor-accordion-icon-left\" aria-hidden=\"true\">\n\t\t\t\t\t\t\t\t\t\t\t\t\t\t\t<span class=\"elementor-accordion-icon-closed\"><i class=\"fas fa-caret-square-down\"><\/i><\/span>\n\t\t\t\t\t\t\t\t<span class=\"elementor-accordion-icon-opened\"><i class=\"fas fa-minus\"><\/i><\/span>\n\t\t\t\t\t\t\t\t\t\t\t\t\t\t<\/span>\n\t\t\t\t\t\t\t\t\t\t\t\t<a class=\"elementor-accordion-title\" tabindex=\"0\">Santander<\/a>\n\t\t\t\t\t<\/div>\n\t\t\t\t\t<div id=\"elementor-tab-content-1504\" class=\"elementor-tab-content elementor-clearfix\" data-tab=\"4\" role=\"region\" aria-labelledby=\"elementor-tab-title-1504\"><p>Ag\u00eancia: 0000<br \/>Conta Corrente: 0000-0<br \/>Nome: Max Aquino de Alencar<br \/>CPF: 000.000.000-00<\/p><\/div>\n\t\t\t\t<\/div>\n\t\t\t\t\t\t\t\t<\/div>\n\t\t\t\t\t\t<\/div>\n\t\t\t\t<\/div>\n\t\t\t\t\t<\/div>\n\t\t<\/div>\n\t\t\t\t\t<\/div>\n\t\t<\/section>\n\t\t\t\t<\/div>\n\t\t","protected":false},"excerpt":{"rendered":"<p>Loja F\u00edsica Em nossa loja f\u00edsica oferecemos pagamento a vista, em dinheiro em todos nossos produtos.Al\u00e9m de aceitarmos a grande maioria das bandeiras de cart\u00f5es de cr\u00e9dito e d\u00e9bito. Loja<\/p>\n","protected":false},"author":29,"featured_media":0,"parent":0,"menu_order":0,"comment_status":"closed","ping_status":"closed","template":"","meta":{"_acf_changed":false,"footnotes":""},"class_list":["post-123","page","type-page","status-publish","hentry"],"acf":[],"_links":{"self":[{"href":"https:\/\/www.annalapersonalizados.com.br\/loja\/wp-json\/wp\/v2\/pages\/123"}],"collection":[{"href":"https:\/\/www.annalapersonalizados.com.br\/loja\/wp-json\/wp\/v2\/pages"}],"about":[{"href":"https:\/\/www.annalapersonalizados.com.br\/loja\/wp-json\/wp\/v2\/types\/page"}],"author":[{"embeddable":true,"href":"https:\/\/www.annalapersonalizados.com.br\/loja\/wp-json\/wp\/v2\/users\/29"}],"replies":[{"embeddable":true,"href":"https:\/\/www.annalapersonalizados.com.br\/loja\/wp-json\/wp\/v2\/comments?post=123"}],"version-history":[{"count":2,"href":"https:\/\/www.annalapersonalizados.com.br\/loja\/wp-json\/wp\/v2\/pages\/123\/revisions"}],"predecessor-version":[{"id":172,"href":"https:\/\/www.annalapersonalizados.com.br\/loja\/wp-json\/wp\/v2\/pages\/123\/revisions\/172"}],"wp:attachment":[{"href":"https:\/\/www.annalapersonalizados.com.br\/loja\/wp-json\/wp\/v2\/media?parent=123"}],"curies":[{"name":"wp","href":"https:\/\/api.w.org\/{rel}","templated":true}]}}